{"id":662,"date":"2016-09-27T10:00:26","date_gmt":"2016-09-27T10:00:26","guid":{"rendered":"http:\/\/forumdooutono.inesctec.pt\/?page_id=662"},"modified":"2019-07-29T08:12:52","modified_gmt":"2019-07-29T08:12:52","slug":"formulario-submetido-com-sucesso","status":"publish","type":"page","link":"https:\/\/forumdooutono.inesctec.pt\/index.php\/registration\/formulario-submetido-com-sucesso\/","title":{"rendered":"Formul\u00e1rio Submetido"},"content":{"rendered":"<p>[:pt]Agradecemos a sua inscri\u00e7\u00e3o.[:]<\/p>\n","protected":false},"excerpt":{"rendered":"<p>[:pt]Agradecemos a sua inscri\u00e7\u00e3o.[:]<\/p>\n","protected":false},"author":1,"featured_media":0,"parent":44,"menu_order":0,"comment_status":"closed","ping_status":"closed","template":"","meta":{"ngg_post_thumbnail":0,"footnotes":""},"class_list":["post-662","page","type-page","status-publish","hentry"],"_links":{"self":[{"href":"https:\/\/forumdooutono.inesctec.pt\/index.php\/wp-json\/wp\/v2\/pages\/662","targetHints":{"allow":["GET"]}}],"collection":[{"href":"https:\/\/forumdooutono.inesctec.pt\/index.php\/wp-json\/wp\/v2\/pages"}],"about":[{"href":"https:\/\/forumdooutono.inesctec.pt\/index.php\/wp-json\/wp\/v2\/types\/page"}],"author":[{"embeddable":true,"href":"https:\/\/forumdooutono.inesctec.pt\/index.php\/wp-json\/wp\/v2\/users\/1"}],"replies":[{"embeddable":true,"href":"https:\/\/forumdooutono.inesctec.pt\/index.php\/wp-json\/wp\/v2\/comments?post=662"}],"version-history":[{"count":10,"href":"https:\/\/forumdooutono.inesctec.pt\/index.php\/wp-json\/wp\/v2\/pages\/662\/revisions"}],"predecessor-version":[{"id":1790,"href":"https:\/\/forumdooutono.inesctec.pt\/index.php\/wp-json\/wp\/v2\/pages\/662\/revisions\/1790"}],"up":[{"embeddable":true,"href":"https:\/\/forumdooutono.inesctec.pt\/index.php\/wp-json\/wp\/v2\/pages\/44"}],"wp:attachment":[{"href":"https:\/\/forumdooutono.inesctec.pt\/index.php\/wp-json\/wp\/v2\/media?parent=662"}],"curies":[{"name":"wp","href":"https:\/\/api.w.org\/{rel}","templated":true}]}}