{"id":292,"date":"2016-07-20T22:01:20","date_gmt":"2016-07-20T22:01:20","guid":{"rendered":"http:\/\/wordix.inesctec.pt\/wp-forumoutono\/?page_id=292"},"modified":"2019-07-29T11:02:07","modified_gmt":"2019-07-29T11:02:07","slug":"programa","status":"publish","type":"page","link":"https:\/\/forumdooutono.inesctec.pt\/index.php\/previous-editions\/2015-2\/programa\/","title":{"rendered":"Programa 2015"},"content":{"rendered":"<p><a href=\"http:\/\/forumdooutono.inesctec.pt\/index.php\/edicao-de-2015\/2015-2\/galeria-multimedia\/\"><span style=\"color: #652b1f;\">Galeria Multim\u00e9dia<\/span><\/a> | <a href=\"http:\/\/forumdooutono.inesctec.pt\/index.php\/edicao-de-2015\/2015-2\/apresentacoes\/\"><span style=\"color: #652b1f;\">Apresenta\u00e7\u00f5es Oradores<\/span><\/a> | <a href=\"http:\/\/forumdooutono.inesctec.pt\/index.php\/edicao-de-2015\/2015-2\/noticias\/\"><span style=\"color: #652b1f;\">Not\u00edcias<\/span><\/a><\/p>\n<h5><strong><span style=\"color: #652b1f;\">F\u00f3rum INESC TEC do outono: Economia, Investiga\u00e7\u00e3o, Desenvolvimento e Inova\u00e7\u00e3o+<\/span><\/strong><\/h5>\n<h5>Data: 26 de outubro de 2015<\/h5>\n<h5>Local: Hotel Porto Pal\u00e1cio<\/h5>\n<h5>P\u00fablico-alvo: Empresas e colaboradores<\/h5>\n<h5>Programa<\/h5>\n<p>9:30 Abertura<\/p>\n<p>Pedro Guedes de Oliveira (INESC TEC, FEUP)<\/p>\n<p>09:45 Ricardo Bueno<\/p>\n<p>10:30 Coffee Break<\/p>\n<p>11:05 Mike Wright (Imperial College)<\/p>\n<p>11:50 Heinrich Flegel (Ex-vice presidente Daimler)<\/p>\n<p>12:30 Almo\u00e7o e Networking<\/p>\n<p>14:30 Sess\u00f5es paralelas sobre temas dos TEC4 do INESC TEC&#8221;&nbsp;<\/p>\n<ul style=\"list-style-type: square;\">\n<li><span style=\"color: #2399bf;\">SA\u00daDE: Medicina e Engenharia de Sistemas: da preven\u00e7\u00e3o aos cuidados intensivos<\/span><\/li>\n<\/ul>\n<p>Interven\u00e7\u00e3o convidada: Ant\u00f3nio Correia de Campos (Ex-ministro da Sa\u00fade)<\/p>\n<p>Painel: Ant\u00f3nio Ferreira (HSJ) Henrique Barros (FMUP) Helena Canh\u00e3o (Patient Innovation \u2013 UCP) Paulo Pl\u00e1cido (NOS Comunica\u00e7\u00f5es) Jo\u00e3o Paulo Cunha (INESC TEC, FEUP)<\/p>\n<hr>\n<ul style=\"list-style-type: square;\">\n<li><span style=\"color: #2399bf;\">MAR: Revitalizar a Economia do Mar \u2013 os novos desafios e os recursos minerais no novo espa\u00e7o de soberania<\/span><\/li>\n<\/ul>\n<p>Interven\u00e7\u00e3o convidada: Manuel Pinto de Abreu (Secret\u00e1rio de Estado do Mar)<\/p>\n<p>Painel: Carlos Caxaria (EDM, S.A.) Carlos Martins (Martifer) Cl\u00e1udia Pinheiro (A. Silva Matos Metalomec\u00e2nica S.A.) Paulo M\u00f3nica (INESC TEC, CINAV)<\/p>\n<hr>\n<ul style=\"list-style-type: square;\">\n<li><span style=\"color: #2399bf;\">ENERGIA: Sistemas Energ\u00e9ticos do Futuro \u2013 o papel da eletricidade<\/span><\/li>\n<\/ul>\n<p>Interven\u00e7\u00e3o convidada: Jorge Vasconcelos (NEWES)<\/p>\n<p>Painel: Ant\u00f3nio Vidigal (EDP Inova\u00e7\u00e3o) Alberto Barbosa (EDP) \u00c2ngelo Ramalho (Alstom Portugal) Jo\u00e3o Pe\u00e7as Lopes (INESC TEC, FEUP)<\/p>\n<hr>\n<ul style=\"list-style-type: square;\">\n<li><span style=\"color: #2399bf;\">IND\u00daSTRIA: O papel da Engenharia e I+D+I nos Desafios Societais<\/span><\/li>\n<\/ul>\n<p>Interven\u00e7\u00e3o convidada: Jos\u00e9 Carlos Caldeira (ANI)<\/p>\n<p>Painel: S\u00e9rgio Sal\u00fastio (Bosch) Daniel Bessa (COTEC) Paulo Pereira da Silva (Renova) Fortunato Frederico (Kyaia) Am\u00e9rico Azevedo (INESC TEC, FEUP)<\/p>\n<p>17:00 Plen\u00e1rio com interven\u00e7\u00e3o de Jos\u00e9 Manuel Mendon\u00e7a (Presidente do INESC TEC)<\/p>\n<p>17:30 Networking e drinks&#8221;<\/p>\n","protected":false},"excerpt":{"rendered":"<p>Galeria Multim\u00e9dia | Apresenta\u00e7\u00f5es Oradores | Not\u00edcias F\u00f3rum INESC TEC do outono: Economia, Investiga\u00e7\u00e3o, Desenvolvimento e Inova\u00e7\u00e3o+ Data: 26 de outubro de 2015 Local: Hotel Porto Pal\u00e1cio P\u00fablico-alvo: Empresas e colaboradores Programa 9:30 Abertura Pedro Guedes de Oliveira (INESC TEC, FEUP) 09:45 Ricardo Bueno 10:30 Coffee Break 11:05 Mike Wright (Imperial College) 11:50 Heinrich Flegel [&hellip;]<\/p>\n","protected":false},"author":2,"featured_media":0,"parent":98,"menu_order":0,"comment_status":"closed","ping_status":"closed","template":"","meta":{"ngg_post_thumbnail":0,"footnotes":""},"class_list":["post-292","page","type-page","status-publish","hentry"],"_links":{"self":[{"href":"https:\/\/forumdooutono.inesctec.pt\/index.php\/wp-json\/wp\/v2\/pages\/292","targetHints":{"allow":["GET"]}}],"collection":[{"href":"https:\/\/forumdooutono.inesctec.pt\/index.php\/wp-json\/wp\/v2\/pages"}],"about":[{"href":"https:\/\/forumdooutono.inesctec.pt\/index.php\/wp-json\/wp\/v2\/types\/page"}],"author":[{"embeddable":true,"href":"https:\/\/forumdooutono.inesctec.pt\/index.php\/wp-json\/wp\/v2\/users\/2"}],"replies":[{"embeddable":true,"href":"https:\/\/forumdooutono.inesctec.pt\/index.php\/wp-json\/wp\/v2\/comments?post=292"}],"version-history":[{"count":73,"href":"https:\/\/forumdooutono.inesctec.pt\/index.php\/wp-json\/wp\/v2\/pages\/292\/revisions"}],"predecessor-version":[{"id":1876,"href":"https:\/\/forumdooutono.inesctec.pt\/index.php\/wp-json\/wp\/v2\/pages\/292\/revisions\/1876"}],"up":[{"embeddable":true,"href":"https:\/\/forumdooutono.inesctec.pt\/index.php\/wp-json\/wp\/v2\/pages\/98"}],"wp:attachment":[{"href":"https:\/\/forumdooutono.inesctec.pt\/index.php\/wp-json\/wp\/v2\/media?parent=292"}],"curies":[{"name":"wp","href":"https:\/\/api.w.org\/{rel}","templated":true}]}}

<p><a href="http://forumdooutono.inesctec.pt/index.php/edicao-de-2015/2015-2/galeria-multimedia/"><span style="color: #652b1f;">Galeria Multimédia</span></a> | <a href="http://forumdooutono.inesctec.pt/index.php/edicao-de-2015/2015-2/apresentacoes/"><span style="color: #652b1f;">Apresentações Oradores</span></a> | <a href="http://forumdooutono.inesctec.pt/index.php/edicao-de-2015/2015-2/noticias/"><span style="color: #652b1f;">Notícias</span></a></p>
<h5><strong><span style="color: #652b1f;">Fórum INESC TEC do outono: Economia, Investigação, Desenvolvimento e Inovação+</span></strong></h5>
<h5>Data: 26 de outubro de 2015</h5>
<h5>Local: Hotel Porto Palácio</h5>
<h5>Público-alvo: Empresas e colaboradores</h5>
<h5>Programa</h5>
<p>9:30 Abertura</p>
<p>Pedro Guedes de Oliveira (INESC TEC, FEUP)</p>
<p>09:45 Ricardo Bueno</p>
<p>10:30 Coffee Break</p>
<p>11:05 Mike Wright (Imperial College)</p>
<p>11:50 Heinrich Flegel (Ex-vice presidente Daimler)</p>
<p>12:30 Almoço e Networking</p>
<p>14:30 Sessões paralelas sobre temas dos TEC4 do INESC TEC&#8221;&nbsp;</p>
<ul style="list-style-type: square;">
<li><span style="color: #2399bf;">SAÚDE: Medicina e Engenharia de Sistemas: da prevenção aos cuidados intensivos</span></li>
</ul>
<p>Intervenção convidada: António Correia de Campos (Ex-ministro da Saúde)</p>
<p>Painel: António Ferreira (HSJ) Henrique Barros (FMUP) Helena Canhão (Patient Innovation – UCP) Paulo Plácido (NOS Comunicações) João Paulo Cunha (INESC TEC, FEUP)</p>
<hr>
<ul style="list-style-type: square;">
<li><span style="color: #2399bf;">MAR: Revitalizar a Economia do Mar – os novos desafios e os recursos minerais no novo espaço de soberania</span></li>
</ul>
<p>Intervenção convidada: Manuel Pinto de Abreu (Secretário de Estado do Mar)</p>
<p>Painel: Carlos Caxaria (EDM, S.A.) Carlos Martins (Martifer) Cláudia Pinheiro (A. Silva Matos Metalomecânica S.A.) Paulo Mónica (INESC TEC, CINAV)</p>
<hr>
<ul style="list-style-type: square;">
<li><span style="color: #2399bf;">ENERGIA: Sistemas Energéticos do Futuro – o papel da eletricidade</span></li>
</ul>
<p>Intervenção convidada: Jorge Vasconcelos (NEWES)</p>
<p>Painel: António Vidigal (EDP Inovação) Alberto Barbosa (EDP) Ângelo Ramalho (Alstom Portugal) João Peças Lopes (INESC TEC, FEUP)</p>
<hr>
<ul style="list-style-type: square;">
<li><span style="color: #2399bf;">INDÚSTRIA: O papel da Engenharia e I+D+I nos Desafios Societais</span></li>
</ul>
<p>Intervenção convidada: José Carlos Caldeira (ANI)</p>
<p>Painel: Sérgio Salústio (Bosch) Daniel Bessa (COTEC) Paulo Pereira da Silva (Renova) Fortunato Frederico (Kyaia) Américo Azevedo (INESC TEC, FEUP)</p>
<p>17:00 Plenário com intervenção de José Manuel Mendonça (Presidente do INESC TEC)</p>
<p>17:30 Networking e drinks&#8221;</p>

<p>Galeria Multimédia | Apresentações Oradores | Notícias Fórum INESC TEC do outono: Economia, Investigação, Desenvolvimento e Inovação+ Data: 26 de outubro de 2015 Local: Hotel Porto Palácio Público-alvo: Empresas e colaboradores Programa 9:30 Abertura Pedro Guedes de Oliveira (INESC TEC, FEUP) 09:45 Ricardo Bueno 10:30 Coffee Break 11:05 Mike Wright (Imperial College) 11:50 Heinrich Flegel [&hellip;]</p>
